{"version":"1.0","provider_name":"Motorsinside English","provider_url":"https:\/\/www.motorsinside.com\/en","author_name":"Yannick Hedou","author_url":"https:\/\/www.motorsinside.com\/en\/author\/dino","title":"Belgium - Free Practice 3: Alonso Leads the Dance - Motorsinside English","type":"rich","width":600,"height":338,"html":"<blockquote class=\"wp-embedded-content\" data-secret=\"2aQ3E3qyfD\"><a href=\"https:\/\/www.motorsinside.com\/en\/f1\/news\/13913-belgium-free-practice-3-alonso-leads-dance\">Belgium &#8211; Free Practice 3: Alonso Leads the Dance<\/a><\/blockquote><iframe sandbox=\"allow-scripts\" security=\"restricted\" src=\"https:\/\/www.motorsinside.com\/en\/f1\/news\/13913-belgium-free-practice-3-alonso-leads-dance\/embed#?secret=2aQ3E3qyfD\" width=\"600\" height=\"338\" title=\"&#8220;Belgium &#8211; Free Practice 3: Alonso Leads the Dance&#8221; &#8212; Motorsinside English\" data-secret=\"2aQ3E3qyfD\" frameborder=\"0\" marginwidth=\"0\" marginheight=\"0\" scrolling=\"no\" class=\"wp-embedded-content\"><\/iframe><script>\n\/*! This file is auto-generated *\/\n!function(d,l){\"use strict\";l.querySelector&&d.addEventListener&&\"undefined\"!=typeof URL&&(d.wp=d.wp||{},d.wp.receiveEmbedMessage||(d.wp.receiveEmbedMessage=function(e){var t=e.data;if((t||t.secret||t.message||t.value)&&!\/[^a-zA-Z0-9]\/.test(t.secret)){for(var s,r,n,a=l.querySelectorAll('iframe[data-secret=\"'+t.secret+'\"]'),o=l.querySelectorAll('blockquote[data-secret=\"'+t.secret+'\"]'),c=new RegExp(\"^https?:$\",\"i\"),i=0;i<o.length;i++)o[i].style.display=\"none\";for(i=0;i<a.length;i++)s=a[i],e.source===s.contentWindow&&(s.removeAttribute(\"style\"),\"height\"===t.message?(1e3<(r=parseInt(t.value,10))?r=1e3:~~r<200&&(r=200),s.height=r):\"link\"===t.message&&(r=new URL(s.getAttribute(\"src\")),n=new URL(t.value),c.test(n.protocol))&&n.host===r.host&&l.activeElement===s&&(d.top.location.href=t.value))}},d.addEventListener(\"message\",d.wp.receiveEmbedMessage,!1),l.addEventListener(\"DOMContentLoaded\",function(){for(var e,t,s=l.querySelectorAll(\"iframe.wp-embedded-content\"),r=0;r<s.length;r++)(t=(e=s[r]).getAttribute(\"data-secret\"))||(t=Math.random().toString(36).substring(2,12),e.src+=\"#?secret=\"+t,e.setAttribute(\"data-secret\",t)),e.contentWindow.postMessage({message:\"ready\",secret:t},\"*\")},!1)))}(window,document);\n<\/script>\n","thumbnail_url":"https:\/\/www.motorsinside.com\/en\/wp-content\/uploads\/sites\/2\/2013\/01\/1500_edito_09DTWWmtO_Lsdn0Do15ihAYf5erALU__Jm0pNuqngjKZ3Hv9NN1FPP_NXqc3ZHBiVKhMtBcVyc21HMkeeZXUJO6rkYomKWo=-768x512.webp","thumbnail_width":600,"thumbnail_height":400,"description":"In a session finally held on a dry track, but with autumnal temperatures, it was Fernando Alonso who set the fastest time, ahead of Kimi R\u00e4ikk\u00f6nen in the Lotus and Sergio P\u00e9rez in the Sauber. The Ferrari driver positions himself well before this afternoon's qualifying. The McLarens and the Red Bulls lagged behind, while Nico Rosberg's Mercedes experienced a technical issue at the start of the session."}

In a session finally held on a dry track, but with autumnal temperatures, it was Fernando Alonso who set the fastest time, ahead of Kimi Räikkönen in the Lotus and Sergio Pérez in the Sauber. The Ferrari driver positions himself well before this afternoon's qualifying. The McLarens and the Red Bulls lagged behind, while Nico Rosberg's Mercedes experienced a technical issue at the start of the session.
